{"id":2,"date":"2014-03-03T20:21:38","date_gmt":"2014-03-03T19:21:38","guid":{"rendered":"https:\/\/notariaindependencia21.es\/?page_id=2"},"modified":"2017-10-02T06:19:25","modified_gmt":"2017-10-02T05:19:25","slug":"sample-page","status":"publish","type":"page","link":"https:\/\/notariaindependencia21.es\/","title":{"rendered":""},"content":{"rendered":"<p>Le atenderemos en :<\/p>\n<p><strong>INDEPENDENCIA, 21, 1\u00ba Derecha \u00a0 \u00a0 \u00a0 \u00a0 \u00a0 \u00a0<\/strong><strong>50001 ZARAGOZA<\/strong><\/p>\n<p><strong>Tel : 976 39 18 22 \u00a0 \u00a0 \u00a0 \u00a0 Fax : 976 39 28 94\u00a0<\/strong><\/p>\n<p>&nbsp;<\/p>\n<p><a href=\"https:\/\/notariaindependencia21.es\/wp-content\/uploads\/2014\/03\/img0041.jpg\"><img decoding=\"async\" loading=\"lazy\" class=\"aligncenter size-large wp-image-4\" src=\"https:\/\/notariaindependencia21.es\/wp-content\/uploads\/2014\/03\/img0041-1024x286.jpg\" alt=\"img0041\" width=\"604\" height=\"168\" srcset=\"https:\/\/notariaindependencia21.es\/wp-content\/uploads\/2014\/03\/img0041-1024x286.jpg 1024w, https:\/\/notariaindependencia21.es\/wp-content\/uploads\/2014\/03\/img0041-300x84.jpg 300w, https:\/\/notariaindependencia21.es\/wp-content\/uploads\/2014\/03\/img0041.jpg 1050w\" sizes=\"(max-width: 604px) 100vw, 604px\" \/><\/a><\/p>\n<p>&nbsp;<\/p>\n<p><strong>Si desea m\u00e1s informaci\u00f3n, env\u00ede un e-mail a : \u00a0 <a href=\"mailto:info.notariamartinezviamonte.es\">info@notariaindependencia21.es<\/a><\/strong><\/p>\n<p>&nbsp;<\/p>\n","protected":false},"excerpt":{"rendered":"<p>Le atenderemos en : INDEPENDENCIA, 21, 1\u00ba Derecha \u00a0 \u00a0 \u00a0 \u00a0 \u00a0 \u00a050001 ZARAGOZA Tel : 976 39 18 22 \u00a0 \u00a0 \u00a0 \u00a0 Fax : 976 39 28 94\u00a0 &nbsp; &nbsp; Si desea m\u00e1s informaci\u00f3n, env\u00ede un e-mail a : \u00a0 info@notariaindependencia21.es &nbsp;<\/p>\n","protected":false},"author":1,"featured_media":0,"parent":0,"menu_order":0,"comment_status":"closed","ping_status":"closed","template":"","meta":{"_genesis_hide_title":false,"_genesis_hide_breadcrumbs":false,"_genesis_hide_singular_image":false,"_genesis_hide_footer_widgets":false,"_genesis_custom_body_class":"","_genesis_custom_post_class":"","_genesis_layout":""},"_links":{"self":[{"href":"https:\/\/notariaindependencia21.es\/index.php?rest_route=\/wp\/v2\/pages\/2"}],"collection":[{"href":"https:\/\/notariaindependencia21.es\/index.php?rest_route=\/wp\/v2\/pages"}],"about":[{"href":"https:\/\/notariaindependencia21.es\/index.php?rest_route=\/wp\/v2\/types\/page"}],"author":[{"embeddable":true,"href":"https:\/\/notariaindependencia21.es\/index.php?rest_route=\/wp\/v2\/users\/1"}],"replies":[{"embeddable":true,"href":"https:\/\/notariaindependencia21.es\/index.php?rest_route=%2Fwp%2Fv2%2Fcomments&post=2"}],"version-history":[{"count":10,"href":"https:\/\/notariaindependencia21.es\/index.php?rest_route=\/wp\/v2\/pages\/2\/revisions"}],"predecessor-version":[{"id":399,"href":"https:\/\/notariaindependencia21.es\/index.php?rest_route=\/wp\/v2\/pages\/2\/revisions\/399"}],"wp:attachment":[{"href":"https:\/\/notariaindependencia21.es\/index.php?rest_route=%2Fwp%2Fv2%2Fmedia&parent=2"}],"curies":[{"name":"wp","href":"https:\/\/api.w.org\/{rel}","templated":true}]}}